- 23?
-3022012310
In base 9, what is 55 + 7071?
7136
In base 14, what is 4b6 + 401d?
44d5
In base 2, what is 1000110100001011 + -1110000010?
1000100110001001
In base 3, what is 11 + -1020222121102220?
-1020222121102202
In base 2, what is -101101101 - 10111011000110111001?
-10111011001100100110
In base 7, what is -3563 - -365323?
361430
In base 6, what is -1152020512 - -5?
-1152020503
In base 8, what is 5 - -625331?
625336
In base 12, what is 5 + 432bb527?
432bb530
In base 15, what is 4cc26 - 18?
4cc0d
In base 16, what is de2 + cad?
1a8f
In base 5, what is -12022040 + 203202?
-11313333
In base 14, what is 4ab825 - 82?
4ab783
In base 2, what is 100100001001010110000110 + -101?
100100001001010110000001
In base 9, what is 3 - 4076167?
-4076164
In base 4, what is 103131300 + 10103?
103202003
In base 11, what is 604068 - -8?
604075
In base 2, what is 11010010011100010 + -100010100?
11010001111001110
In base 13, what is -2530 + -406c0?
-42c20
In base 9, what is 161 - -175736?
176007
In base 5, what is -431 + -2302202?
-2303133
In base 8, what is 547 - 1313425?
-1312656
In base 7, what is 11505 + -2441154?
-2426346
In base 5, what is -310011 + 121330?
-133131
In base 8, what is -4 + 1412606650?
1412606644
In base 3, what is 1112212012022 + 100101?
1112212112200
In base 16, what is -273081 + -bf?
-273140
In base 3, what is -1212012222 - 1102120002?
-10021210001
In base 2, what is -1101001001001000101100 - 1010000?
-1101001001001001111100
In base 6, what is -3 + -12303302355?
-12303302402
In base 15, what is -2 - 485c9?
-485cb
In base 3, what is 1002110120122 + -220?
1002110112202
In base 12, what is 16 - -181345?
18135b
In base 7, what is -1561 - 312241?
-314132
In base 15, what is -83266 + ba?
-8319b
In base 3, what is 102010210202 + -2?
102010210200
In base 16, what is -2 - 74542e7?
-74542e9
In base 8, what is -41500734 + -7?
-41500743
In base 14, what is d16a - -620?
d78a
In base 16, what is 2 + 20b421?
20b423
In base 3, what is 12011102220 - 21?
12011102122
In base 10, what is 1007317 - 1130?
1006187
In base 4, what is 2302312102 - -1?
2302312103
In base 15, what is 24 + -c11c9?
-c11a5
In base 13, what is 4969a7 - -1b?
4969c5
In base 11, what is -1810307 + 5?
-1810302
In base 6, what is 545 + 325504?
330453
In base 13, what is b6384c01 + -5?
b6384bc9
In base 5, what is -221 + 13013411?
13013140
In base 13, what is 1131b5 + 153?
113338
In base 10, what is 18 + -47097388?
-47097370
In base 3, what is 10012 - -10010102112?
10010112201
In base 7, what is -45 - -615452?
615404
In base 9, what is 314213685 + -7?
314213677
In base 11, what is 11430 + 10a53?
22383
In base 10, what is 2812 + -12818?
-10006
In base 13, what is -4 + 454477?
454473
In base 10, what is 375335730 + 4?
375335734
In base 13, what is -6b27a - -9b1?
-6a599
In base 3, what is 1002 - 10001012222120022?
-10001012222112020
In base 10, what is 13 + 1474593?
1474606
In base 5, what is -11122 + -1343224?
-1404401
In base 2, what is -100101010 + -11111111001111001001?
-11111111010011110011
In base 12, what is 489098 + -2a9?
4889ab
In base 13, what is -1 + 11b7071?
11b7070
In base 12, what is -1212a688 + 4?
-1212a684
In base 6, what is 32555 - 34051?
-1052
In base 13, what is 4 + -25214855?
-25214851
In base 12, what is -8 - -8427399?
8427391
In base 12, what is 4 + b6a3742?
b6a3746
In base 8, what is 26316501 + 15?
26316516
In base 11, what is 14 + 202a463?
202a477
In base 16, what is c03 - 17837?
-16c34
In base 5, what is -222333012 - -301?
-222332211
In base 14, what is 11ab - a06b?
-8ca0
In base 15, what is 312a - -b58?
3c83
In base 13, what is 11 - ab20429?
-ab20418
In base 14, what is -39d66 - 2413?
-3c379
In base 6, what is 1135100450 + 21?
1135100511
In base 16, what is 14 + -62dc7?
-62db3
In base 7, what is -136300 + -43164?
-212464
In base 6, what is 11 - -112532530?
112532541
In base 14, what is -b44d8 + a?
-b44cc
In base 14, what is -a1839 - -3c?
-a17db
In base 11, what is -1 + -12104174?
-12104175
In base 8, what is 112110 + 246?
112356
In base 10, what is 20928 + -3692?
17236
In base 2, what is 10101111100100010 + 1011111100?
10110001000011110
In base 10, what is -755957 + 60?
-755897
In base 13, what is 1 + -14c7a952?
-14c7a951
In base 13, what is 12a8ca74 + 2?
12a8ca76
In base 14, what is 2 + -23146a?
-231468
In base 14, what is -42348 - b3?
-4241b
In base 13, what is -4 + -247643?
-247647
In base 2, what is -1101110110111 + 1111101010?
-1011111001101
In base 13, what is -58820 + -328?
-58b48
In base 6, what is -14404524 - 5?
-14404533
In base 16, what is -3b3 - 78eea?
-7929d
In base 9, what is -21328 + 136?
-21182
In base 8, what is -4 - -64315650?
64315644
In base 4, what is -103330 + 303221321?
303111331
In base 5, what is 2 - 231322411?
-231322404
In base 11, what is 7966 - -1198?
9053
In base 7, what is -5 - -465011153?
465011145
In base 5, what is 23 + -3343141?
-3343113
In base 8, what is -10211 - -7567?
-422
In base 16, what is -9c3ff0 + 5?
-9c3feb
In base 5, what is 334121112 + 120?
334121232
In base 4, what is -2 - -102221112021122?
102221112021120
In base 6, what is 31321534 - 11?
31321523
In base 2, what is -1100001 - -100011011100001010?
100011011010101001
In base 10, what is 269414 - 7?
269407
In base 14, what is -6bcc8 + -5?
-6bccd
In base 16, what is -91 - 3bd522?
-3bd5b3
In base 3, what is -112 - 101000210021021211?
-101000210021022100
In base 16, what is -1d590c6e + 2?
-1d590c6c
In base 2, what is -11000111010110101010011110 - -10?
-11000111010110101010011100
In base 5, what is -10412 + -1212411?
-1223323
In base 2, what is -10110101 + -10000000000111001111?
-10000000001010000100
In base 16, what is a3a01 - -18?
a3a19
In base 9, what is -145614 - -1020?
-144584
In base 12, what is 61a + -65014?
-645b6
In base 6, what is 4 - -330055?
330103
In base 9, what is -2362 - -1084?
-1267
In base 6, what is -22005241 + 4534?
-22000303
In base 3, what is -112200 - 210111201?
-211001101
In base 15, what is -2 - -274e0b?
274e09
In base 12, what is -3 - 23b08034?
-23b08037
In base 15, what is -721 - a46?
-1267
In base 9, what is 3485 + 38227?
42723
In base 8, what is 2 - -1053660170?
1053660172
In base 2, what is 101000100 - 10000110100101101?
-10000101111101001
In base 6, what is -210 - 253135?
-253345
In base 3, what is -10120122022122002 - 2?
-10120122022122011
In base 10, what is -23363 + -2299?
-25662
In base 6, what is 10141133 + -33?
10141100
In base 9, what is -133858 - -11148?
-122710
In base 11, what is 158508045 - 5?
158508040
In base 10, what is 11973 + -3464?
8509
In base 7, what is 2006625 + 653?
2010611
In base 14, what is -c1ab + -1414?
-d5c1
In base 2, what is 1110110100111001 - -1110111000011?
10000101011111100
In base 5, what is -2113311 + -432?
-2114243
In base 16, what is 29a - -ac?
346
In base 15, what is -601639 + 4?
-601635
In base 5, what is -2 - -3434404010?
3434404003
In base 4, what is 21220001020 + 3?
21220001023
In base 9, what is 161 - 22080?
-21818
In base 3, what is -10221021110 + 1210?
-10221012200
In base 8, what is -7477 - -112726?
103227
In base 5, what is -124020 - -44423?
-24042
In base 14, what is 31 - -cc53b?
cc56c
In base 15, what is 65 + d828a?
d8300
In base 13, what is 4376 + -10238?
-8b92
In base 6, what is 2323542252 + -32?
2323542220
In base 10, what is -182 - -66232?
66050
In base 2, what is 111 - -100110001010000110010?
100110001010000111001
In base 4, what is -1 - -102130011220?
102130011213
In base 5, what is 1422341 + -132101?
1240240
In base 8, what is 1 + -23747005?
-23747004
In base 12, what is -119a9a - -30?
-119a6a
In base 15, what is -26367 + e0?
-26277
In base 16, what is 7 + -2cda54?
-2cda4d
In base 7, what is 56 + -1305135?
-1305046
In base 14, what is d1cc - 2a?
d1a2
In base 10, what is -5 - -73747921?
73747916
In base 14, what is 1 - -1861b2c?
1861b2d
In base 3, what is 111102 - -12000202102?
12001020211
In base 13, what is 3a408 - cc?
3a309
In base 13, what is 21 - a6a3?
-a682
In base 3, what is 112100100012221 - 10210?
112100100002011
In base 3, what is -1220011112002012 - -10?
-1220011112002002
In base 13, what is -8 + -371373?
-37137b
In base 5, what is -1130141312043 + 1?
-1130141312042
In base 14, what is 149 + b409?
b554
In base 10, what is 13 - -2925544?
2925557
In base 11, what is 3721 + -5128?
-